{"id":2881,"date":"2019-11-05T13:28:20","date_gmt":"2019-11-05T13:28:20","guid":{"rendered":"https:\/\/www.gall-group.com\/?page_id=2881"},"modified":"2023-08-23T06:56:43","modified_gmt":"2023-08-23T06:56:43","slug":"grafikdesign","status":"publish","type":"page","link":"https:\/\/www.gall-group.com\/?page_id=2881","title":{"rendered":"GRAFIK"},"content":{"rendered":"<p>[vc_row full_width=&#8220;stretch_row&#8220;][vc_column]\n\t\t\t<!-- START SLIDEGRAFIK REVOLUTION SLIDER 6.4.11 --><p class=\"rs-p-wp-fix\"><\/p>\n\t\t\t<rs-module-wrap id=\"rev_slider_23_1_wrapper\" data-source=\"gallery\" style=\"background:transparent;padding:0;margin:0px auto;margin-top:0;margin-bottom:0;\">\n\t\t\t\t<rs-module id=\"rev_slider_23_1\" style=\"\" data-version=\"6.4.11\">\n\t\t\t\t\t<rs-slides>\n\t\t\t\t\t\t<rs-slide data-key=\"rs-66\" data-title=\"110\" data-anim=\"e:slidingoverlay;ms:2000;\" data-in=\"o:0;x:(100%);\" data-out=\"a:false;\">\n\t\t\t\t\t\t\t<img loading=\"lazy\" decoding=\"async\" src=\"\/\/www.gall-group.com\/wp-content\/uploads\/2019\/11\/slider-grafik.jpg\" title=\"slider-grafik\" width=\"2000\" height=\"600\" class=\"rev-slidebg tp-rs-img\" data-no-retina>\n<!--\n\t\t\t\t\t\t\t--><rs-layer\n\t\t\t\t\t\t\t\tid=\"slider-23-slide-66-layer-1\" \n\t\t\t\t\t\t\t\tdata-type=\"text\"\n\t\t\t\t\t\t\t\tdata-color=\"rgba(255,255,255,1)\"\n\t\t\t\t\t\t\t\tdata-rsp_ch=\"on\"\n\t\t\t\t\t\t\t\tdata-xy=\"x:c;y:m;\"\n\t\t\t\t\t\t\t\tdata-text=\"s:70,57,43,26;l:130,107,81,49;fw:700;a:center;\"\n\t\t\t\t\t\t\t\tdata-dim=\"h:#2\/3#;\"\n\t\t\t\t\t\t\t\tdata-frame_0=\"y:50px,41px,31px,19px;\"\n\t\t\t\t\t\t\t\tdata-frame_1=\"e:power4.out;st:500;sp:2500;\"\n\t\t\t\t\t\t\t\tdata-frame_999=\"o:0;e:nothing;st:w;\"\n\t\t\t\t\t\t\t\tstyle=\"z-index:9;font-family:Source Sans Pro;\"\n\t\t\t\t\t\t\t>GRAFIKDESIGN F\u00dcR WEB UND PRINT \n\t\t\t\t\t\t\t<\/rs-layer><!--\n\n\t\t\t\t\t\t\t--><rs-layer\n\t\t\t\t\t\t\t\tid=\"slider-23-slide-66-layer-2\" \n\t\t\t\t\t\t\t\tdata-type=\"text\"\n\t\t\t\t\t\t\t\tdata-color=\"rgba(255,255,255,1)\"\n\t\t\t\t\t\t\t\tdata-rsp_ch=\"on\"\n\t\t\t\t\t\t\t\tdata-xy=\"x:c;xo:0,-10px,-10px,-10px;y:m;yo:20px,65px,-8px,-32px;\"\n\t\t\t\t\t\t\t\tdata-text=\"w:nowrap,nowrap,normal,normal;s:36,36,30,30;l:40;a:center;\"\n\t\t\t\t\t\t\t\tdata-dim=\"w:951px,951px,480px,360px;\"\n\t\t\t\t\t\t\t\tdata-frame_0=\"y:50px;\"\n\t\t\t\t\t\t\t\tdata-frame_1=\"e:power4.out;st:500;sp:2500;\"\n\t\t\t\t\t\t\t\tdata-frame_999=\"o:0;e:nothing;st:w;\"\n\t\t\t\t\t\t\t\tstyle=\"z-index:12;font-family:Source Sans Pro;\"\n\t\t\t\t\t\t\t>Von der Visitenkarte bis zum kompletten Corporate Design. \n\t\t\t\t\t\t\t<\/rs-layer><!--\n\n\t\t\t\t\t\t\t--><rs-layer\n\t\t\t\t\t\t\t\tid=\"slider-23-slide-66-layer-7\" \n\t\t\t\t\t\t\t\tclass=\"tp-shape tp-shapewrapper\"\n\t\t\t\t\t\t\t\tdata-type=\"shape\"\n\t\t\t\t\t\t\t\tdata-xy=\"x:c;y:m;\"\n\t\t\t\t\t\t\t\tdata-text=\"fw:700;\"\n\t\t\t\t\t\t\t\tdata-dim=\"w:100%;h:100%;\"\n\t\t\t\t\t\t\t\tdata-basealign=\"slide\"\n\t\t\t\t\t\t\t\tdata-rsp_o=\"off\"\n\t\t\t\t\t\t\t\tdata-rsp_bd=\"off\"\n\t\t\t\t\t\t\t\tdata-frame_1=\"e:power4.out;sp:500;\"\n\t\t\t\t\t\t\t\tdata-frame_999=\"o:0;e:power4.inOut;st:500;sp:5000;\"\n\t\t\t\t\t\t\t\tstyle=\"z-index:8;background-color:rgba(0,0,0,0.50);\"\n\t\t\t\t\t\t\t> \n\t\t\t\t\t\t\t<\/rs-layer><!--\n-->\t\t\t\t\t\t<\/rs-slide>\n\t\t\t\t\t<\/rs-slides>\n\t\t\t\t<\/rs-module>\n\t\t\t\t<script type=\"text\/javascript\">\n\t\t\t\t\tsetREVStartSize({c: 'rev_slider_23_1',rl:[1240,1024,768,480],el:[500,768,960,600],gw:[1240,1024,778,480],gh:[500,450,300,400],type:'standard',justify:'',layout:'fullwidth',mh:\"0\"});\n\t\t\t\t\tvar\trevapi23,\n\t\t\t\t\t\ttpj;\n\t\t\t\t\tfunction revinit_revslider231() {\n\t\t\t\t\tjQuery(function() {\n\t\t\t\t\t\ttpj = jQuery;\n\t\t\t\t\t\trevapi23 = tpj(\"#rev_slider_23_1\");\n\t\t\t\t\t\tif(revapi23==undefined || revapi23.revolution == undefined){\n\t\t\t\t\t\t\trevslider_showDoubleJqueryError(\"rev_slider_23_1\");\n\t\t\t\t\t\t}else{\n\t\t\t\t\t\t\trevapi23.revolution({\n\t\t\t\t\t\t\t\tDPR:\"dpr\",\n\t\t\t\t\t\t\t\tsliderLayout:\"fullwidth\",\n\t\t\t\t\t\t\t\tduration:\"12000ms\",\n\t\t\t\t\t\t\t\tvisibilityLevels:\"1240,1024,768,480\",\n\t\t\t\t\t\t\t\tgridwidth:\"1240,1024,778,480\",\n\t\t\t\t\t\t\t\tgridheight:\"500,450,300,400\",\n\t\t\t\t\t\t\t\tmaxHeight:\"500px\",\n\t\t\t\t\t\t\t\tperspective:600,\n\t\t\t\t\t\t\t\tperspectiveType:\"local\",\n\t\t\t\t\t\t\t\teditorheight:\"500,768,960,600\",\n\t\t\t\t\t\t\t\tresponsiveLevels:\"1240,1024,768,480\",\n\t\t\t\t\t\t\t\tstopAtSlide:1,\n\t\t\t\t\t\t\t\tstopAfterLoops:0,\n\t\t\t\t\t\t\t\tstopLoop:true,\n\t\t\t\t\t\t\t\tprogressBar:{disableProgressBar:true},\n\t\t\t\t\t\t\t\tnavigation: {\n\t\t\t\t\t\t\t\t\tmouseScrollNavigation:false,\n\t\t\t\t\t\t\t\t\twheelCallDelay:1000,\n\t\t\t\t\t\t\t\t\tonHoverStop:false,\n\t\t\t\t\t\t\t\t\ttouch: {\n\t\t\t\t\t\t\t\t\t\ttouchenabled:true\n\t\t\t\t\t\t\t\t\t}\n\t\t\t\t\t\t\t\t},\n\t\t\t\t\t\t\t\tfallbacks: {\n\t\t\t\t\t\t\t\t\tallowHTML5AutoPlayOnAndroid:true\n\t\t\t\t\t\t\t\t},\n\t\t\t\t\t\t\t});\n\t\t\t\t\t\t}\n\t\t\t\t\t\t\n\t\t\t\t\t});\n\t\t\t\t\t} \/\/ End of RevInitScript\n\t\t\t\tvar once_revslider231 = false;\n\t\t\t\tif (document.readyState === \"loading\") {document.addEventListener('readystatechange',function() { if((document.readyState === \"interactive\" || document.readyState === \"complete\") && !once_revslider231 ) { once_revslider231 = true; revinit_revslider231();}});} else {once_revslider231 = true; revinit_revslider231();}\n\t\t\t\t<\/script>\n\t\t\t<\/rs-module-wrap>\n\t\t\t<!-- END REVOLUTION SLIDER -->\n[\/vc_column][\/vc_row][vc_row equal_height=&#8220;yes&#8220; content_placement=&#8220;middle&#8220; el_id=&#8220;row_1&#8243;][vc_column css=&#8220;.vc_custom_1572872275978{background-position: center !important;background-repeat: no-repeat !important;background-size: cover !important;}&#8220;][la_heading spacer=&#8220;line&#8220; spacer_position=&#8220;middle&#8220; line_height=&#8220;6&#8243; title=&#8220;GRAFIK-DIENSTLEISTUNGEN&#8220; title_fz=&#8220;lg:40px;&#8220; subtitle_class=&#8220;padding-top-10&#8243; line_color=&#8220;#66cc33&#8243; line_width=&#8220;lg:120px;&#8220;]\n<div class=\"wpb_text_column wpb_content_element \">\n<div class=\"wpb_wrapper\">\n<p>Ob Beratung oder Ausf\u00fchrung, Pixel oder Papier, Ideen werden geliefert und wir lassen nichts unversucht, um Ihnen bei der Verwirklichung Ihrer Ziele zu helfen. Wir setzen unsere F\u00e4higkeiten und Erfahrung bei jedem Projekt ein, und stellen mit viel Leidenschaft sicher, dass Ihr Unternehmen auff\u00e4llt und au\u00dfergew\u00f6hnlichen Erfolg hat. Unsere Designs inspirieren zum Handeln, unsere Software bewegt Berge und unsere kreativen K\u00f6pfe verwandeln Ideen in greifbare Ergebnisse. Wir arbeiten mit Ihnen zusammen, um festzustellen, was Sie wollen und stellen sicher, dass Sie es bekommen.<\/p>\n<\/div>\n<\/div>\n<p>[\/la_heading][\/vc_column][\/vc_row][vc_row equal_height=&#8220;yes&#8220; content_placement=&#8220;middle&#8220;][vc_column width=&#8220;1\/2&#8243; css=&#8220;.vc_custom_1572872716877{background-position: center !important;background-repeat: no-repeat !important;background-size: cover !important;}&#8220;][vc_gallery type=&#8220;flexslider_slide&#8220; interval=&#8220;3&#8243; images=&#8220;3128,3127,3126,3125,3124,3123,3114&#8243;][\/vc_column][vc_column width=&#8220;1\/2&#8243; el_class=&#8220;last-column&#8220;][la_divider height=&#8220;lg:10px;&#8220;][la_heading tag=&#8220;h4&#8243; alignment=&#8220;left&#8220; title_fz=&#8220;lg:40px;&#8220; subtitle_class=&#8220;padding-top-10&#8243; title=&#8220;GRAFIKDESIGN&#8220;]<strong>Der dauerhafte Erfolg eines Produkts h\u00e4ngt vom ersten guten Eindruck ab. Stellen Sie sicher, das der erste Eindruck Ihrer Veranstaltung gro\u00dfartig wird.<\/strong><\/p>\n<p>Die Welt bewegt sich schnell, vielleicht sogar mehr als je zuvor. In diesem Umfeld m\u00fcssen Marken anders, interessant und ansprechend sein oder sie werden ignoriert. Haben Sie etwas zu sagen?<\/p>\n<p>Wir k\u00f6nnen helfen. Was auch immer Sie brauchen, wir werden es m\u00f6glich machen.<\/p>\n<p><strong>Wir machen f\u00fcr Sie\u00a0<\/strong><\/p>\n<ul>\n<li>Brosch\u00fcren, Kataloge,<\/li>\n<li>Flyer, Plakate und vieles mehr<\/li>\n<\/ul>\n<p>[\/la_heading][la_divider height=&#8220;lg:50px;&#8220;][\/vc_column][\/vc_row][vc_row equal_height=&#8220;yes&#8220; content_placement=&#8220;middle&#8220;][vc_column width=&#8220;1\/2&#8243; css=&#8220;.vc_custom_1572872716877{background-position: center !important;background-repeat: no-repeat !important;background-size: cover !important;}&#8220;][la_divider height=&#8220;lg:10px;&#8220;][la_heading tag=&#8220;h4&#8243; alignment=&#8220;left&#8220; title_fz=&#8220;lg:40px;&#8220; subtitle_class=&#8220;padding-top-10&#8243; title=&#8220;WEBDESIGN + REALISIERUNG&#8220;]<strong>Wer im Internet nicht zu finden ist, existiert nicht. Ohne Website ist es sehr schwierig neue Kunden zu gewinnen.<\/strong><\/p>\n<p>Wir machen aus Informationen digitale Erlebnisse. Wir helfen Ihnen, Ihre Ideen zu verwirklichen und tragen dazu bei, Ihr Gesch\u00e4ft zu verbessern. Wir entwickeln integrierte Technologiel\u00f6sungen f\u00fcr Unternehmen, die Ihren Kunden exzellente Erfahrungen mit mobilen, Web-, Desktop- und Embedded- Ger\u00e4ten bieten m\u00f6chten.<\/p>\n<p>Wir k\u00f6nnen helfen. Was auch immer Sie brauchen, wir werden es m\u00f6glich machen.<\/p>\n<p><strong>Wir machen f\u00fcr Sie\u00a0<\/strong><\/p>\n<ul>\n<li>Website mit Content Management System<\/li>\n<li>Screendesign f\u00fcr alle Endger\u00e4te<\/li>\n<li>Veranstaltungsvideo\/Film<\/li>\n<li>Banner etc.<\/li>\n<\/ul>\n<p>[\/la_heading][la_divider height=&#8220;lg:50px;&#8220;][\/vc_column][vc_column width=&#8220;1\/2&#8243; el_class=&#8220;last-column&#8220;][vc_gallery type=&#8220;flexslider_slide&#8220; interval=&#8220;3&#8243; images=&#8220;3115,3116&#8243;][\/vc_column][\/vc_row][vc_row equal_height=&#8220;yes&#8220; content_placement=&#8220;middle&#8220;][vc_column width=&#8220;1\/2&#8243; css=&#8220;.vc_custom_1572872716877{background-position: center !important;background-repeat: no-repeat !important;background-size: cover !important;}&#8220;][vc_gallery type=&#8220;flexslider_slide&#8220; interval=&#8220;3&#8243; images=&#8220;3107,3109,3108&#8243;][\/vc_column][vc_column width=&#8220;1\/2&#8243; el_class=&#8220;last-column&#8220;][la_divider height=&#8220;lg:10px;&#8220;][la_heading tag=&#8220;h4&#8243; alignment=&#8220;left&#8220; title_fz=&#8220;lg:40px;&#8220; subtitle_class=&#8220;padding-top-10&#8243; title=&#8220;WERBETECHNIK&#8220;]<strong>Alles aus einer Hand<\/strong><\/p>\n<p>Wir realisieren f\u00fcr Sie Ihre W\u00fcnsche im Bereich Werbetechnik. Zugeschnitten auf Ihre Bed\u00fcrfnisse erarbeiten unsere erfahrenen Designer ein Layout, das auf Ihre Corporate Design abgestimmt ist. Sie verf\u00fcgen \u00fcber zahlreiche Werbefl\u00e4chen f\u00fcr Ihr Unternehmen und Ihre Produkte! Nutzen Sie diese Fl\u00e4chen, um aktiv auf Ihr Unternehmen oder Ihre Produkte aufmerksam zu machen.<\/p>\n<p><strong>Wir machen f\u00fcr Sie\u00a0<\/strong><\/p>\n<ul>\n<li>Roll-Ups, Displays<\/li>\n<li>Messest\u00e4nde, Leitsysteme<\/li>\n<li>Fahrzeugbeschriftung<\/li>\n<li>Firmenschilder, Fahnen, Banner<\/li>\n<\/ul>\n<p>[\/la_heading][la_divider height=&#8220;lg:100px;&#8220;][\/vc_column][\/vc_row]<\/p>\n","protected":false},"excerpt":{"rendered":"<p>[vc_row full_width=&#8220;stretch_row&#8220;][vc_column][\/vc_column][\/vc_row][vc_row equal_height=&#8220;yes&#8220; content_placement=&#8220;middle&#8220; el_id=&#8220;row_1&#8243;][vc_column css=&#8220;.vc_custom_1572872275978{background-position: center !important;background-repeat: no-repeat !important;background-size: cover !important;}&#8220;][la_heading spacer=&#8220;line&#8220; spacer_position=&#8220;middle&#8220; line_height=&#8220;6&#8243; title=&#8220;GRAFIK-DIENSTLEISTUNGEN&#8220; title_fz=&#8220;lg:40px;&#8220; subtitle_class=&#8220;padding-top-10&#8243; line_color=&#8220;#66cc33&#8243; line_width=&#8220;lg:120px;&#8220;] Ob Beratung oder Ausf\u00fchrung, Pixel oder Papier, Ideen werden geliefert und wir lassen nichts unversucht, um Ihnen bei der Verwirklichung Ihrer Ziele zu helfen. Wir setzen unsere F\u00e4higkeiten und Erfahrung bei jedem Projekt ein, und stellen mit viel Leidenschaft sicher,&hellip;<\/p>\n","protected":false},"author":4,"featured_media":0,"parent":0,"menu_order":0,"comment_status":"closed","ping_status":"closed","template":"","meta":{"footnotes":""},"class_list":["post-2881","page","type-page","status-publish","hentry"],"_links":{"self":[{"href":"https:\/\/www.gall-group.com\/index.php?rest_route=\/wp\/v2\/pages\/2881"}],"collection":[{"href":"https:\/\/www.gall-group.com\/index.php?rest_route=\/wp\/v2\/pages"}],"about":[{"href":"https:\/\/www.gall-group.com\/index.php?rest_route=\/wp\/v2\/types\/page"}],"author":[{"embeddable":true,"href":"https:\/\/www.gall-group.com\/index.php?rest_route=\/wp\/v2\/users\/4"}],"replies":[{"embeddable":true,"href":"https:\/\/www.gall-group.com\/index.php?rest_route=%2Fwp%2Fv2%2Fcomments&post=2881"}],"version-history":[{"count":29,"href":"https:\/\/www.gall-group.com\/index.php?rest_route=\/wp\/v2\/pages\/2881\/revisions"}],"predecessor-version":[{"id":4687,"href":"https:\/\/www.gall-group.com\/index.php?rest_route=\/wp\/v2\/pages\/2881\/revisions\/4687"}],"wp:attachment":[{"href":"https:\/\/www.gall-group.com\/index.php?rest_route=%2Fwp%2Fv2%2Fmedia&parent=2881"}],"curies":[{"name":"wp","href":"https:\/\/api.w.org\/{rel}","templated":true}]}}